{"id":784,"date":"2019-03-17T12:15:13","date_gmt":"2019-03-17T11:15:13","guid":{"rendered":"http:\/\/hirtenhof-illsitz.com\/?page_id=784"},"modified":"2025-12-29T11:57:55","modified_gmt":"2025-12-29T10:57:55","slug":"foej-freiwilliges-oekologisches-jahr","status":"publish","type":"page","link":"https:\/\/hirtenhof-illsitz.com\/?page_id=784","title":{"rendered":"F\u00d6J (Freiwilliges \u00d6kologisches Jahr)"},"content":{"rendered":"\n<h2 class=\"wp-block-heading\">F\u00d6J (Freiwilliges \u00d6kologisches Jahr)<\/h2>\n\n\n\n<p> Ein Jahr mit \nPferden war schon immer Dein Traum?? Oder Du brauchst einfach noch ein \nbisschen Zeit um Dir \u00fcber Deinen Weg (Studienrichtung\/ Lehrausbildung) \nklar zu werden?? \u2013 Mach doch ein F\u00d6J (Freiwilliges \u00d6kologisches Jahr) \nhier auf dem Hof ?<\/p>\n\n\n\n<p><br>Deine Aufgabenbereiche:<br> &#8211; Mithilfe in der t\u00e4glichen Stallarbeit<br> &#8211; Alle Arbeiten rund um Weidemanagement, Reitanlagenpflege, Instandhaltung allgemein, Gr\u00fcnanlagenpflege<br> &#8211; Pferdepflege, Mithilfe bei Tierarzt- und Schmied-Terminen<br> &#8211; Mithilfe bei der Betreuung des Reitunterrichts, der Reiterferien und Mithilfe an Kurstagen, eventuell beim therapeutischen Reiten<br> &#8211; Besuch der Seminare des F\u00d6J-Tr\u00e4gers<\/p>\n\n\n\n<p>  <br> Uns ist wichtig \u2013 oder, was solltest Du k\u00f6nnen?:<br> &#8211; Der Umgang mit Pferden sollte Dir vertraut sein, Reiterfahrung muss vorhanden sein.<br>  &#8211; Du solltest Spa\u00df am Umgang mit Kindern haben und neugierig sein auf  die Arbeit mit behinderten und entwicklungsverz\u00f6gerten Menschen.<br>  &#8211; Du kannst gern auch Deinen reiterlichen Werdegang bei uns  vorantreiben \u2013 wir helfen gern, indem Du an Reit- und Abzeichenkursen  des IPZV teilnehmen kannst.<br> &#8211; Vollj\u00e4hrigkeit und der F\u00fchrerschein der Klasse B sind Voraussetzung.<\/p>\n\n\n\n<p>Unterbringung,Verdienst &amp; sonstige Infos:<br> Ein Zimmer am Hof steht f\u00fcr Dich gegen kleines Entgeld zur Verf\u00fcgung. Du hast Familienanschluss, kannst aber auch ganz \u201cDein Ding\u201d machen.<br> Beim F\u00d6J wird eine Aufwandsentsch\u00e4digung gezahlt (die genaue H\u00f6he erfragst Du direkt beim F\u00d6J-Tr\u00e4ger IB Jena \/ Frau Matschke).<br> Das F\u00d6J kann man sich sp\u00e4ter auch als Warte-Semester anrechnen lassen.<\/p>\n\n\n\n<p><br> Kontakt:<br> Informiere Dich einfach bei uns und\/oder bei unserem F\u00d6J-Tr\u00e4ger dem <br> Internationalen Bund (IB Jena)<br> Ansprechpartnerin: Frau Cora Matschke<br> Am Herrenberge 3, 07745 Jena<br> Homepage: <a aria-label=\"www.internationaler-bund.de (\u00f6ffnet in neuem Tab)\" href=\"https:\/\/www.internationaler-bund.de\/standort\/200783\/\" target=\"_blank\" rel=\"noreferrer noopener\">www.internationaler-bund.de<\/a><\/p>\n","protected":false},"excerpt":{"rendered":"<p>F\u00d6J (Freiwilliges \u00d6kologisches Jahr) Ein Jahr mit Pferden war schon immer Dein Traum?? Oder Du brauchst einfach noch ein bisschen Zeit um Dir \u00fcber Deinen Weg (Studienrichtung\/ Lehrausbildung) klar zu werden?? \u2013 Mach doch&#46;&#46;&#46;<\/p>\n","protected":false},"author":2,"featured_media":0,"parent":0,"menu_order":0,"comment_status":"closed","ping_status":"closed","template":"","meta":{"footnotes":""},"class_list":["post-784","page","type-page","status-publish","hentry"],"_links":{"self":[{"href":"https:\/\/hirtenhof-illsitz.com\/index.php?rest_route=\/wp\/v2\/pages\/784","targetHints":{"allow":["GET"]}}],"collection":[{"href":"https:\/\/hirtenhof-illsitz.com\/index.php?rest_route=\/wp\/v2\/pages"}],"about":[{"href":"https:\/\/hirtenhof-illsitz.com\/index.php?rest_route=\/wp\/v2\/types\/page"}],"author":[{"embeddable":true,"href":"https:\/\/hirtenhof-illsitz.com\/index.php?rest_route=\/wp\/v2\/users\/2"}],"replies":[{"embeddable":true,"href":"https:\/\/hirtenhof-illsitz.com\/index.php?rest_route=%2Fwp%2Fv2%2Fcomments&post=784"}],"version-history":[{"count":7,"href":"https:\/\/hirtenhof-illsitz.com\/index.php?rest_route=\/wp\/v2\/pages\/784\/revisions"}],"predecessor-version":[{"id":4457,"href":"https:\/\/hirtenhof-illsitz.com\/index.php?rest_route=\/wp\/v2\/pages\/784\/revisions\/4457"}],"wp:attachment":[{"href":"https:\/\/hirtenhof-illsitz.com\/index.php?rest_route=%2Fwp%2Fv2%2Fmedia&parent=784"}],"curies":[{"name":"wp","href":"https:\/\/api.w.org\/{rel}","templated":true}]}}