{"id":174,"date":"2019-01-12T11:56:59","date_gmt":"2019-01-12T10:56:59","guid":{"rendered":"http:\/\/hirtenhof-illsitz.com\/?page_id=174"},"modified":"2024-10-14T12:37:18","modified_gmt":"2024-10-14T10:37:18","slug":"reitschule","status":"publish","type":"page","link":"https:\/\/hirtenhof-illsitz.com\/?page_id=174","title":{"rendered":"Reitschule"},"content":{"rendered":"\n<h2 class=\"wp-block-heading\" id=\"Reitschulzeiten\">Reitschule<\/h2>\n\n\n\n<p><strong>Unsere Grundidee f\u00fcr Reitunterricht? &#8211; <\/strong>Reiten lernen in jedem Alter, mit Vermittlung von viel Hintergrundwissen in Theorie und Praxis, auf gut ausgebildeten Schulpferden von lizensierten Fachkr\u00e4ften und fachlich unterwiesenem Personal! <\/p>\n\n\n\n<p>Im Interesse unserer Pferde liegt die <strong>Gewichtsbegrenzung bei 80 kg<\/strong>.<\/p>\n\n\n\n<div style=\"height:9px\" aria-hidden=\"true\" class=\"wp-block-spacer\"><\/div>\n\n\n\n<p><\/p>\n\n\n\n<hr class=\"wp-block-separator has-css-opacity is-style-wide\"\/>\n\n\n\n<h3 class=\"wp-block-heading\"><mark style=\"background-color:rgba(0, 0, 0, 0)\" class=\"has-inline-color has-vivid-red-color\">Reitunterricht auf Islandpferden<\/mark><\/h3>\n\n\n\n<ul class=\"wp-block-list\">\n<li><a href=\"https:\/\/hirtenhof-illsitz.com\/?page_id=3007\" data-type=\"page\" data-id=\"3007\">Reitschulzeiten<\/a><\/li>\n\n\n\n<li><a href=\"#allgemein\">Reitschulbedingungen<\/a><\/li>\n\n\n\n<li><a href=\"#kleidung\">Kleidung und Ausr\u00fcstung<\/a><\/li>\n\n\n\n<li><a href=\"#vertrag\">Vertrag &amp; Versicherung<\/a><\/li>\n\n\n\n<li><a href=\"#angebot\">Angebote der Reitschule<\/a><\/li>\n<\/ul>\n\n\n\n<div style=\"height:100px\" aria-hidden=\"true\" id=\"allgemein\" class=\"wp-block-spacer\"><\/div>\n\n\n\n<h4 class=\"wp-block-heading\">Reitschulzeiten 2024<\/h4>\n\n\n\n<div class=\"wp-block-columns is-layout-flex wp-container-core-columns-is-layout-9d6595d7 wp-block-columns-is-layout-flex\">\n<div class=\"wp-block-column is-layout-flow wp-block-column-is-layout-flow\">\n<p><strong>Reitschulbl\u00f6cke<\/strong><\/p>\n\n\n\n<ul class=\"wp-block-list\">\n<li>1.Block: 19.Februar &#8211; 24.M\u00e4rz<\/li>\n\n\n\n<li>2.Block: 8.April &#8211; 16.Juni<\/li>\n\n\n\n<li>3.Block: 26.August &#8211; 29.September<\/li>\n\n\n\n<li>4.Block: 14.Oktober &#8211; 20.Dezember<\/li>\n<\/ul>\n<\/div>\n\n\n\n<div class=\"wp-block-column is-layout-flow wp-block-column-is-layout-flow\">\n<p><strong>Ferienzeiten &#8211; Reitschulfrei<\/strong><ul><li>bis So, 18.2.2024 &#8211; Winter- &amp; Betriebsferien<\/li><li>25.M\u00e4rz -7.April &#8211; Osternferien<\/li><li>17.Juni &#8211; 25.August &#8211; Sommerferien + Fortbildungspause<\/li><li>30.September &#8211; 13.Oktober &#8211; Herbstferien<\/li><li>ab 21.Dezember &#8211; Weihnachtsferien<\/li><\/ul><\/p>\n<\/div>\n<\/div>\n\n\n\n<div style=\"height:51px\" aria-hidden=\"true\" class=\"wp-block-spacer\"><\/div>\n\n\n\n<h4 class=\"wp-block-heading\">Reitschulbedingungen<\/h4>\n\n\n\n<p>Der Reitunterricht findet bei jedem Wetter statt. Bei schlechtem Wetter bieten wir Reitstunden in Form von Bodenarbeit, Sitzschulung, Longier\u00fcbungen und Theorieeinheiten an. Bei extremen Wetterverh\u00e4ltnissen erfolgt  eine individuelle telefonische Absprache und das Angebot eines Ersatztermines.<\/p>\n\n\n\n<p>Dem Reitschulsystem werden 32 Reitstunden im Jahr zugrunde gelegt. Diese Anzahl errechnet sich wie folgt:&nbsp;&nbsp;&nbsp;&nbsp;&nbsp;&nbsp;&nbsp;&nbsp;&nbsp;&nbsp;&nbsp;&nbsp;&nbsp;&nbsp;&nbsp;&nbsp;&nbsp;&nbsp;&nbsp;&nbsp;&nbsp;&nbsp;&nbsp;<\/p>\n\n\n\n<figure class=\"wp-block-table is-style-stripes\"><table><tbody><tr><td> 52 Kalenderwochen <\/td><\/tr><tr><td> &#8211; 12 Schulferienwochen (Th\u00fcringen) <\/td><\/tr><tr><td> &#8211; 2 Wochen reitschulfrei vor und\/ oder nach den Sommerferien <\/td><\/tr><tr><td> &#8211; 6 Wochen Pause zur Jahreswende und Betriebsferien im Januar\/Februar <\/td><\/tr><tr><td> = 32 Reitschulwochen <\/td><\/tr><\/tbody><\/table><\/figure>\n\n\n\n<p><em>32 Reitstunden pro Jahr sind fest vereinbarte Termine<\/em>!! Es d\u00fcrfen nur <em>maximal 4 Termine verschoben werden<\/em>, f\u00fcr diese bieten wir Nachholtermine an, alle dar\u00fcber hinausgehenden Stunden entfallen. <\/p>\n\n\n\n<p class=\"has-vivid-red-color has-text-color\">Reitstunden m\u00fcssen <em><strong>sp\u00e4testens am Vortag des Reittermins &#8211; bis 14 Uhr &#8211; abgesagt <\/strong><\/em>werden. <em>Falls dies nicht oder erst am Reittag geschieht, werden die Reitstunden zu 100% berechnet<\/em>. Weiterhin entf\u00e4llt bei nicht fristgerechter Absage der Anspruch auf einen Nachholtermin.<\/p>\n\n\n\n<p>Bei Absagen durch den Hirtenhof Illsitz wird dem Reitsch\u00fcler selbstverst\u00e4ndlich immer ein Ersatztermin angeboten.<\/p>\n\n\n\n<p>Der Reitunterricht findet <em>auf den Reitpl\u00e4tzen, auf der Ovalbahn, auf dem Longierzirkel oder im Gel\u00e4nde <\/em>statt.<\/p>\n\n\n\n<p>Pflegerische T\u00e4tigkeiten (Putzen, Satteln), werden beim Anf\u00e4ngerunterricht oder in Gruppen mit j\u00fcngeren Kindern durch einen Reitlehrer oder seine Helfer mit betreut. In den fortgeschrittenen Gruppen bereiten die Reiter ihre Pferde selbstst\u00e4ndig vor und nach. Ein kompetenter Ansprechpartner befindet sich auch hier vor Ort. Der Reitsch\u00fcler muss rechtzeitig am Hof sein um sein Pferd, bis zum Beginn der Reitstunde, fertig geputzt und gesattelt zu haben.<\/p>\n\n\n\n<div style=\"height:100px\" aria-hidden=\"true\" id=\"kleidung\" class=\"wp-block-spacer\"><\/div>\n\n\n\n<h4 class=\"wp-block-heading\"><mark style=\"background-color:rgba(0, 0, 0, 0)\" class=\"has-inline-color has-black-color\">Kleidung und Ausr\u00fcstung<\/mark><\/h4>\n\n\n\n<ul class=\"wp-block-list\">\n<li>Bitte tragen Sie und Ihre Kinder wetterentsprechende und reitgeeignete  Kleidung. <\/li>\n<\/ul>\n\n\n\n<ul class=\"wp-block-list\">\n<li>Tragen Sie bitte zur Teilnahme am Reitunterricht und Kurse einen DIN-gepr\u00fcften Reithelm. Fahrradhelme d\u00fcrfen nur in der Kr\u00fcmelgruppe Anwendung finden.<\/li>\n<\/ul>\n\n\n\n<ul class=\"wp-block-list\">\n<li>F\u00fcr reitgeeignetes, festes Schuhwerk ist Sorge zu tragen, nutzen Sie kn\u00f6chelhohe Schuhe mit Absatz. Die Teilnahme am Reitunterricht in Turnschuhen, Sandalen, Wanderstiefeln oder anderem ungeeignetem Schuhwerk ist ausgeschlossen.   <\/li>\n<\/ul>\n\n\n\n<p>Kleiderordnung:<\/p>\n\n\n\n<ul class=\"wp-block-list\">\n<li>Reithose und Reitstiefel ODER<\/li>\n\n\n\n<li>Reithose, Stiefeletten und Chaps ODER<\/li>\n\n\n\n<li>Jodphurreithose und Stiefeletten<\/li>\n<\/ul>\n\n\n\n<div style=\"height:100px\" aria-hidden=\"true\" id=\"vertrag\" class=\"wp-block-spacer\"><\/div>\n\n\n\n<h4 class=\"wp-block-heading\"><mark style=\"background-color:rgba(0, 0, 0, 0)\" class=\"has-inline-color has-black-color\">Vertrag<\/mark> &amp; Versicherung<\/h4>\n\n\n\n<p>Wir schlie\u00dfen mit jedem Reitsch\u00fcler einen Vertrag \u00fcber Reitstunden auf dem Hirtenhof Illsitz ab. Mit der Einwilligung in Reitunterricht akzeptieren Sie unsere Allgemeinen Gesch\u00e4ftsbedingungen.<\/p>\n\n\n\n<p>Unser Betrieb hat eine Betriebshaftpflichtversicherung. Wir empfehlen Ihnen zus\u00e4tzlich den Abschluss einer weitreichenden Unfallversicherung, in der das Reitrisiko abgedeckt ist. Vereinsmitglieder sind, in Aus\u00fcbung des Reitsportes, \u00fcber den am Hof ans\u00e4ssigen Verein ebenfalls versichert.<\/p>\n\n\n\n<p>F\u00fcr das funktionierende Zusammenleben auf dem Hof besteht eine <em>zus\u00e4tzliche Hofordnung<\/em>, der Reitsch\u00fcler und seine Angeh\u00f6rigen oder Bekannten verpflichten sich mit Betreten der Anlagen und des Hofes zur Einhaltung dieser Hofordnung!<\/p>\n\n\n\n<div style=\"height:100px\" aria-hidden=\"true\" id=\"angebot\" class=\"wp-block-spacer\"><\/div>\n\n\n\n<h4 class=\"wp-block-heading\">Angebote der Reitschule<\/h4>\n\n\n\n<ul class=\"wp-block-list\">\n<li><a href=\"http:\/\/hirtenhof-illsitz.com\/?page_id=2169\" data-type=\"page\" data-id=\"2169\">Kr\u00fcmelgruppe<\/a><\/li>\n\n\n\n<li><a href=\"http:\/\/hirtenhof-illsitz.com\/?page_id=2999\" data-type=\"page\" data-id=\"2999\">Anf\u00e4nger- und Gruppenreitstunde<\/a><\/li>\n\n\n\n<li><a href=\"http:\/\/hirtenhof-illsitz.com\/?page_id=3001\" data-type=\"page\" data-id=\"3001\">Individulatraining<\/a><\/li>\n\n\n\n<li><a href=\"http:\/\/hirtenhof-illsitz.com\/?page_id=3373\" data-type=\"page\" data-id=\"3373\">weitere Kursangebote finden Sie unter dem Link Termine<\/a><\/li>\n<\/ul>\n\n\n\n<p><\/p>\n\n\n\n<p><\/p>\n","protected":false},"excerpt":{"rendered":"<p>Reitschule Unsere Grundidee f\u00fcr Reitunterricht? &#8211; Reiten lernen in jedem Alter, mit Vermittlung von viel Hintergrundwissen in Theorie und Praxis, auf gut ausgebildeten Schulpferden von lizensierten Fachkr\u00e4ften und fachlich unterwiesenem Personal! Im Interesse unserer&#46;&#46;&#46;<\/p>\n","protected":false},"author":1,"featured_media":0,"parent":0,"menu_order":0,"comment_status":"closed","ping_status":"closed","template":"","meta":{"footnotes":""},"class_list":["post-174","page","type-page","status-publish","hentry"],"_links":{"self":[{"href":"https:\/\/hirtenhof-illsitz.com\/index.php?rest_route=\/wp\/v2\/pages\/174","targetHints":{"allow":["GET"]}}],"collection":[{"href":"https:\/\/hirtenhof-illsitz.com\/index.php?rest_route=\/wp\/v2\/pages"}],"about":[{"href":"https:\/\/hirtenhof-illsitz.com\/index.php?rest_route=\/wp\/v2\/types\/page"}],"author":[{"embeddable":true,"href":"https:\/\/hirtenhof-illsitz.com\/index.php?rest_route=\/wp\/v2\/users\/1"}],"replies":[{"embeddable":true,"href":"https:\/\/hirtenhof-illsitz.com\/index.php?rest_route=%2Fwp%2Fv2%2Fcomments&post=174"}],"version-history":[{"count":10,"href":"https:\/\/hirtenhof-illsitz.com\/index.php?rest_route=\/wp\/v2\/pages\/174\/revisions"}],"predecessor-version":[{"id":4041,"href":"https:\/\/hirtenhof-illsitz.com\/index.php?rest_route=\/wp\/v2\/pages\/174\/revisions\/4041"}],"wp:attachment":[{"href":"https:\/\/hirtenhof-illsitz.com\/index.php?rest_route=%2Fwp%2Fv2%2Fmedia&parent=174"}],"curies":[{"name":"wp","href":"https:\/\/api.w.org\/{rel}","templated":true}]}}